-25*x - 5013253. Is x a composite number?
False
Let h = 4 + -1. Suppose 2*m - 4*w - 1674 = 0, 822 = 4*m - h*m + w. Suppose m + 1245 = 8*p. Is p prime?
False
Suppose 0*o + 5*v = -o, 0 = 2*o - 2*v. Let q(b) = 224*b - 8. Let z be q(6). Suppose -3*g + 0*g + z = 2*l, o = g + 5*l - 441. Is g prime?
False
Is (0 - 12/(-15)) + (-45723)/(-15) prime?
True
Let j be (45/30)/(2/8) - -464974. Is 12/16 - j/(-80) a prime number?
True
Suppose 2489 - 449 = -5*n. Let i be (-20)/6*-1*n. Let m = i + 2619. Is m composite?
False
Let q be -4 + 4 - 10546/1*-4. Suppose 0*l + 3*l + 2*f - q = 0, -3*f = 2*l - 28121. Is l/26 + 2/13 prime?
True
Let y = -8 + 4. Let b be 8/(y/(-1))*579/6. Suppose -j + b = 3*c - 1905, 1427 = 2*c - 5*j. Is c prime?
True
Suppose 0 = -26*d + 30*d - 28216. Suppose -18*p - d = -20*p. Is p prime?
True
Suppose -3*y + 282732 = 2*u + u, 2*u - 5*y - 188509 = 0. Is (1 - (1 + -2))/(158/u) a composite number?
False
Let p(t) = 39991*t - 96. Is p(5) a composite number?
True
Suppose 82462776 = -286*z + 550*z. Is z a prime number?
False
Suppose 56*h - 684336 - 5165368 = 0. Is h prime?
True
Let l be 9196 + -6 + 4 + -1 + -1. Let x = l + 11053. Is x a composite number?
True
Let h = -18718 - -54021. Is h composite?
True
Let u(f) = -14*f**3 - 17*f**2 + 6*f + 180. Is u(-11) prime?
True
Suppose 3*d - 815 - 868 = 0. Let s(j) = -288*j - 6. Let b be s(1). Let h = b + d. Is h composite?
True
Suppose 0 = 3*a - 4*z - 19801, z + 19798 = -40*a + 43*a. Is a a prime number?
True
Suppose 2*j - 12155 + 1872 = b, 0 = 2*j - 5*b - 10263. Suppose 2*w - 8 = 0, 0 = -4*o - 0*w - 4*w + j. Is o composite?
True
Let n be 6 - 10/35*7. Suppose 0 = n*w + 9*w + 390. Let j = 181 - w. Is j a prime number?
True
Is ((-2)/(-5)*115/(-92))/(2/(-673564)) a composite number?
False
Let b be (59 + -73)*1/((-2)/(-2)). Is 77640/(-210)*b/4 a composite number?
True
Suppose 602544 - 2376756 = -12*s. Is s a prime number?
False
Let x = 178 + -175. Suppose -x*w + 17204 = -3637. Is w prime?
True
Suppose 4*m - 4*c = 1775432, -c = -4*m + 700773 + 1074668. Is m composite?
True
Suppose t + r = 4 - 5, 3*t = 3*r + 27. Suppose y + 2 = -t. Let k(o) = -o**3 - o**2 - o + 5. Is k(y) a composite number?
False
Suppose -903240 + 319241 = 40*h - 2957399. Is h a prime number?
False
Is 4 + 2 - 11899118/(-132) - (-3)/18 a composite number?
True
Is 16/(-56)*((-12)/(-30) - (-6808045)/(-50)) a composite number?
False
Let a be 3 - -2 - 0 - 2. Let m(b) = 45*b - 14. Is m(a) composite?
True
Let z(p) = -101*p**3 - 8*p**2 - 7*p - 12. Let g be z(-5). Suppose -f - x = -4*x - 3098, 2*x = -4*f + g. Let n = 5677 - f. Is n composite?
True
Suppose -79*z - 61*z + 42237860 = 0. Is z prime?
False
Suppose -2*m + 824830 = -2*x + 6*x, -5*x = 5*m - 2062065. Is m a composite number?
False
Suppose 3*n + 12 = -3, -5*x = 4*n + 20. Suppose 19*r - 27*r + 189704 = x. Is r composite?
True
Is 88/1056 - 1103267/(-12) prime?
True
Suppose -75*a = -85*a + 179*a - 1421797. Is a composite?
True
Suppose 0 = 3*u - c - 2*c + 3, 0 = 2*u + 2*c + 22. Let p(k) = -k**2 - 5*k + 10. Let l be p(u). Is (-1655)/(-20) + 1/l composite?
False
Suppose 116*a - 105*a = 213*a - 82515182. Is a prime?
True
Suppose -2*b - 4*q + 0*q = -2362, 0 = -3*b - 2*q + 3555. Suppose b = 43*h - 42*h. Is h a composite number?
False
Let g(b) = 98*b**2 + 27*b + 611. Is g(-14) a composite number?
False
Let l(m) = -3*m**3 + 12*m**2 + 3*m - 4. Let a(g) = g**3 - g**2 - g - 1. Let x(v) = -5*a(v) - l(v). Let p be x(6). Let u = p + 1690. Is u composite?
True
Suppose 7*d = 6 - 6. Let u(r) = r**3 - r**2 - 263. Let f be u(d). Let i = 402 + f. Is i a composite number?
False
Suppose 1 = 2*r - l, r + l = 5*l + 18. Let i be -4 + ((-8)/r - 2). Is 739 + ((-8)/2 - i) a prime number?
False
Let y(c) be the third derivative of c**5/10 + c**4/12 - c**3/2 - c**2 + 2111*c. Let g = -39 + 26. Is y(g) composite?
True
Suppose 0 = -3*a - a + 44. Let p(g) = 24 + 24 + 3*g**3 - 51 - 10*g**2 - 8*g - g**3. Is p(a) composite?
False
Suppose 5*p + 5*b = 3*p + 48028, 0 = p + b - 24017. Is p composite?
False
Suppose 9*q = 9521 - 3086. Let r = 1022 - q. Is r a prime number?
True
Let h(r) = 725*r**3 - 82*r**2 - 53*r + 513. Is h(10) a prime number?
True
Let h = 515 + -52. Suppose 3*k - h + 172 = 0. Is 1/(3/k) + (-4)/3 prime?
True
Let t(g) = -g**2 + 21*g + 25. Let c be t(22). Suppose -3*x + 5632 + 15489 = -b, 2*x = -c*b + 14066. Is x a prime number?
True
Let m = 21335 - -23456. Is m a composite number?
True
Let x(a) = 56*a - 9. Let m(p) = -p**2 - 8*p. Let o be m(-7). Suppose 4*z - 33 = o. Is x(z) prime?
False
Suppose 61*y - 12*y - 6*y - 71423 = 0. Is y prime?
False
Let q(s) = -53*s**3 - 25*s + 29. Let v(f) = 265*f**3 + f**2 + 127*f - 144. Let x(m) = 11*q(m) + 2*v(m). Is x(-6) a prime number?
True
Let w = 108235 - -20212. Is w a composite number?
True
Suppose -37611 + 176101 = 5*u. Suppose 13*i - 2*i = u. Is i prime?
False
Let y = 8 - 8. Suppose -5*m - 2*j = -24759, 0 = 6*j - 8*j + 4. Suppose 7*d - m - 1986 = y. Is d a prime number?
True
Suppose 5*b - 24 = -4*z, -z - 2*z = 2*b - 11. Suppose -55 = b*k + 409. Let f = 174 + k. Is f composite?
True
Let h = -179 + 180. Is (0 + -2 + h)/(6/(-19326)) composite?
False
Is 3 + 65/(-20)*1 - 331338/(-8) a composite number?
True
Let i be (11/22)/((-1)/(-4140)). Suppose w - 8033 + i = 0. Is w composite?
True
Let r(q) = -158719*q + 2031. Is r(-2) a composite number?
False
Let t(r) = 1912*r**2 + 167*r + 4424. Is t(-23) composite?
False
Let f be ((-4)/3)/((-3)/9) + -7. Is (f/10)/(12/5410)*-4 composite?
False
Let t(u) = 100*u**2 - 15*u + 282. Is t(43) a composite number?
True
Suppose -21811 - 32712 = -7*s. Is s composite?
False
Let n(f) = -f**3 - 11*f**2 - 111*f - 115. Is n(-56) a composite number?
False
Let r(p) = -2211*p - 37. Let m be r(-7). Let j = m - 10737. Is j a composite number?
False
Suppose 5*w = a - 101, 3*w - 25 = -4*a + 287. Let u(q) = -q**2 + 3*q + 32. Let m be u(7). Let f = a + m. Is f a composite number?
True
Suppose 0 = -8*t + 963467 - 150243. Is t composite?
False
Let a(k) = 7*k**2 - 11*k - 99. Let q(s) = -15*s**2 + 24*s + 197. Let h(b) = -7*a(b) - 4*q(b). Is h(13) prime?
False
Suppose 2*q - 18 = y - 4, -4*q - 3*y + 18 = 0. Suppose -4*r - q = c - 44, 2*r - 26 = -4*c. Is 6/(-9) - (-69)/r a prime number?
True
Suppose 5*r - 4*c - 64470 = -9*c, -3*r + 3*c = -38676. Is r composite?
False
Is 5/((-1620)/(-51303996)*(-2)/(-6)) composite?
False
Let d be ((-12)/(-36))/(3 - (-35)/(-12)). Suppose -d*m + 464028 = 8*m. Is m composite?
False
Let l = -6551 + 12315. Suppose l - 2256 = 4*p. Is p a prime number?
True
Let w(g) = g**3 + 10*g**2 + 2*g - 6. Let d be w(-3). Suppose -48 = -9*f + d. Let b(i) = -i**3 + 12*i**2 - 8*i + 2. Is b(f) a prime number?
False
Let q = -180988 - -390849. Is q prime?
True
Let f(g) = 16602*g - 8525. Is f(56) a prime number?
False
Suppose 13*d + 151469 = 9691. Let q = d - -19157. Is q prime?
False
Let p = 738 + -735. Suppose -3*h = -a + 2*h + 1518, 4634 = p*a + h. Is a prime?
True
Let y = 16169 - 5735. Let d = 14675 - y. Is d a prime number?
True
Let d = 6227 - 1403. Let p = -1487 + d. Is p composite?
True
Let l(r) = 3*r**3 - 20*r**2 + 72*r - 196. Is l(33) a prime number?
True
Let i(j) = -763*j + 124. Let n be i(-8). Let u = n - -12001. Is u composite?
False
Let l = -245 - -116. Let h = -153 + l. Let g = h + 493. Is g a prime number?
True
Suppose 68*v + 320515 = 81*v. Is v a prime number?
False
Suppose 32*u - 9*u + 138 = 0. Let q(t) = 1 - 5*t**3 + t**3 + 0 - 9*t**2. Is q(u) a prime number?
True
Suppose -3*f + 18*c - 17*c = -5, 4*f - 4*c + 4 = 0. Suppose 0*d - 3*r = 2*d - 43912, -f*d - 4*r = -65867. Is d a prime number?
False
Suppose 84 = h - 38. Let c be -2 + (-1)/(-2)*h. Suppose 0*n - c = -n. Is n prime?
True
Suppose -2*i - 2*i - 9319 = -5*z, z = -2*i + 1875. Suppose -3*m + z = -7130. Is m composite?
False
Suppose -30 = -0*m - 5*m. Suppose -m*t = -651 - 3387. Is t a prime number?
True
Let w = -5 + 7. Suppose -3*x + 20430 = -w*i + 7*i, -5*x + 3*i = -34016. Is x a prime number?
False
Suppose -7130 = -2*x - 2*c, 3*c - c = 4*x - 14284. Suppose -x - 4471 = -8*o. Suppose 0 = 4*s - k - o, 3*k = k - 2. Is s composite?
False
Suppose 11 = -5*f - 4. Let t = f - 0. Is (-12)/(-8)*(-190)/t composite?
True
Let z(s) = -4*s**2 + 39*s + 130. Let r(x) = -3*x**2 + 26*x + 87. Let b be 10*(8/(-14) - 15/(-